t y(q) = 9*d(q) + 2*i(q). What are the prime factors of y(5)?
2, 5
Let s = -7 + 7. Let g = s + 1. Let f(x) = 20*x**2 - 1. What are the prime factors of f(g)?
19
List the prime factors of (7/2)/(5/10).
7
Let w(f) = 105*f**3 - f**2 + 3*f - 2. What are the prime factors of w(1)?
3, 5, 7
What are the prime factors of (1/(-3))/(2 + 2140/(-1068))?
89
Let u = 2 + 47. What are the prime factors of u?
7
Let h(d) = d - 4. Let i be h(7). Let x = i - -2. Let j = x + -3. List the prime factors of j.
2
Let m(j) = j**2 - 13*j - 6. List the prime factors of m(14).
2
Suppose -6*a + 408 = -150. List the prime factors of a.
3, 31
Let x(q) = -17*q**3 - 4*q**2 - q + 2. Let n(s) = 85*s**3 + 21*s**2 + 5*s - 11. Let b(w) = 2*n(w) + 11*x(w). List the prime factors of b(-1).
2
Let t = -38 - -57. Let s(x) = x**2 - 17*x - 26. What are the prime factors of s(t)?
2, 3
Let u be (-78)/(-15)*(-8 + 3). Let c = 37 + u. List the prime factors of c.
11
Let r(l) = l**3 - 3*l**2 - 2*l. Let y be r(4). Let k be 4/y + 18/4. What are the prime factors of (-1 + -2 - -1) + k?
3
Let q = -2 - -2. Suppose q*t - 5*p = -t + 14, -3 = -3*p. List the prime factors of t.
19
Suppose 2*g = -0*g + 32. Suppose 6*k = 2*k + g. Suppose -5*d + 20 = -2*s, 2*d - k*d - 8 = -4*s. List the prime factors of d.
2, 3
Let v(f) = 68*f + 4. What are the prime factors of v(1)?
2, 3
Suppose 203 + 7 = q. Suppose 0 = u + 5*u - q. What are the prime factors of u?
5, 7
Let f = 18 + -11. Let n(v) = v**3 - 7*v**2 + 7. What are the prime factors of n(f)?
7
Let q(h) = -9*h - 11. Let x be q(-8). Suppose -3*g = -3*j + 51, -4*j + 0*g = 3*g - x. What are the prime factors of j?
2
Let n be (2/5)/(18/(-450)). What are the prime factors of 5/4*(n - -14)?
5
Suppose 6*f = 3*f - 27. Let l = f - -9. Let p = 4 - l. List the prime factors of p.
2
Suppose 0 = 5*m + 2*b - 705, m + 2*b = 5*b + 124. What are the prime factors of m?
139
Let d(y) be the third derivative of -y**6/120 - y**5/15 + y**3/2 + y**2. What are the prime factors of d(-4)?
3
Suppose 2*h = -c + 149, -5*h = -6*c + 4*c + 307. What are the prime factors of c?
151
Suppose -26*h + 21*h = -200. What are the prime factors of h?
2, 5
Suppose 5*p + 54 = 8*p. List the prime factors of (-8)/(-36) - (-482)/p.
3
Let w be (-1 - (-2 - 0)) + 52. Suppose -5*q - 4*s + w = 0, -3*s + 0*s = -2*q + 12. List the prime factors of q.
3
Let j = -150 - -342. What are the prime factors of j?
2, 3
What are the prime factors of (-12)/(-8)*184/6?
2, 23
Suppose -134 = 10*c - 12*c. What are the prime factors of c?
67
Let d(x) = -x**3 + 16*x**2 + 2*x + 9. What are the prime factors of d(16)?
41
Let y(i) = i**2 - 8*i - 7. Let g(r) = r - 4. Let l be g(6). Suppose -m + 12 = l. What are the prime factors of y(m)?
13
Let t be (-2)/5*-3*10. Let o be t/(-9)*-9*2. Suppose -2*z + 28 = -5*v, -3*z + z = -3*v - o. What are the prime factors of z?
3
Suppose 0*y = -4*y + 8. List the prime factors of ((-1)/y)/(1/(-40)).
2, 5
Let i = 227 + -142. List the prime factors of i.
5, 17
List the prime factors of 16/24*63/2.
3, 7
Suppose -3*h = -5*k - 1 + 4, -2*h = -8. Suppose 48 = 4*n - k*i, 3*i + 29 = n - 2*i. What are the prime factors of n?
3
Let v(t) be the second derivative of t**4/12 - t**3/6 + 25*t**2/2 - 4*t. What are the prime factors of v(0)?
5
Suppose -4*h = -25 - 35. Suppose -n + 5*d = -3*n + 33, h = 5*n - d. What are the prime factors of n?
2
Suppose -4*t + 24 = 2*y + 6, -y - t + 6 = 0. List the prime factors of y.
3
Let l = -9 + 13. Suppose 4*d + l*a + 8 = -12, 4 = -a. What are the prime factors of 4/1 - (-1)/d?
3
Let t = -249 + 366. List the prime factors of t.
3, 13
Suppose -25 = 5*g, o = -3*o + 2*g + 18. Suppose -3*b = r - 6 - 0, -o*r = b - 7. List the prime factors of r.
3
Let y be (4 - 5)/((-2)/6). List the prime factors of (10 - 0) + -3 + y.
2, 5
Let s = 10 + -8. Let p be 3*(s - 10/(-6)). Suppose 20 = 5*h + 4*w, -5*w = 2*h - 2 + p. List the prime factors of h.
2
Let i(l) = 9*l**2 + 5*l - 2. What are the prime factors of i(3)?
2, 47
Let r be -3*(-1 + (-2)/3). Suppose -111 = -r*t + 29. What are the prime factors of t?
2, 7
Suppose 4 - 29 = -5*i. Suppose -i = -2*s - 1. What are the prime factors of ((-12)/(-9))/(s/3)?
2
Let a = -5 + 10. Suppose 0*t + t = 2*x - 5, a*x - 20 = t. What are the prime factors of x?
5
Let d = 42 - 11. What are the prime factors of d?
31
Suppose 0 = 5*h + 3*t - 5, -3*h + t = -17. Suppose -2*i - 2 = h, -3*a + 2*i = -63. Suppose c - 31 = -4*v, -3*c = -4 + a. List the prime factors of v.
3
Let r be 1 + 0 - (-10 - -2). What are the prime factors of -1 - (0 + -2 - r)?
2, 5
Suppose 3*z = 7 - 1. Suppose 5*h = -2*a - 3*a + 115, 0 = z*h - 8. List the prime factors of a.
19
Let l(n) = -n**3 - 6*n**2 - 3*n + 5. Let o be l(-4). Let y = 19 + o. List the prime factors of y.
2
Suppose -3*g = -13*g + 2040. What are the prime factors of g?
2, 3, 17
Let u = -24 - -48. Suppose -3*y = -5*q + 95, -u = -5*q - 3*y + 41. What are the prime factors of q?
2
Let y(v) = v**3 + 6*v**2 - v. Suppose 0 = -3*l - 9, 2*l - 2 = -2*t + 6*l. What are the prime factors of y(t)?
2, 3, 5
Suppose 26 - 1 = -q. Let p = -6 - q. What are the prime factors of p?
19
Suppose -3*z + 360 = 5*n - 0*n, 3*z + 3*n = 360. List the prime factors of z.
2, 3, 5
Suppose -3*h + 7 + 242 = 0. List the prime factors of h.
83
What are the prime factors of 356/8 + 9/6?
2, 23
Suppose -2*j = -5*u + 83 - 12, -4*j = u - 1. List the prime factors of u.
13
Let v = -1 + 7. Suppose 4*d - 138 = -v. What are the prime factors of d?
3, 11
Suppose -3*x + 2*f = -20, -4*f - 12 = -f. Suppose w - 2*a - 4 = 0, 0*a + 4 = -x*a. What are the prime factors of w?
2
Let n(m) = -m + 8. Let d = 5 + -7. Let t be d/(-2 - 0)*0. What are the prime factors of n(t)?
2
Suppose 2*a - 102 = 34. Suppose -3*b + a = -7*b. List the prime factors of (-1)/(-1 - 0) - b.
2, 3
Suppose -2*h + 76 = 5*r, -3*h - r - r = -114. List the prime factors of h.
2, 19
Suppose 3*q = -o + 44, -3*q - 3*o = q - 52. Let a = 0 - 1. What are the prime factors of -2 + q + -2 + a?
11
Suppose -6*x = -2*n - 2*x + 48, 3*x = -5*n + 68. Let a = n + -7. List the prime factors of a.
3
Suppose -q = 7*q - 568. List the prime factors of q.
71
What are the prime factors of (388/(-4))/(-4 + 3)?
97
What are the prime factors of ((-1)/2)/(7/(-504))?
2, 3
Let y = -1 - -2. List the prime factors of -8*((-6)/4 + y).
2
Let z(x) = 10 + x**3 + 0*x**2 + 3*x**2 - 4*x**2. Let h be z(0). Suppose 4*t = 5*t - h. List the prime factors of t.
2, 5
Let m(n) = -n**2 - 4*n + 8. Let a be m(-8). List the prime factors of a*1/(-2)*2.
2, 3
Let i = 227 - 120. List the prime factors of i.
107
Let r = -37 - -52. List the prime factors of r.
3, 5
Let m(g) = g - 1. Let h be m(3). Let r = 8 - 5. Suppose -r*j + h = -2*j. List the prime factors of j.
2
Let t be (-1 + -2)*(-4)/(-6). Let y = 23 + t. Suppose 2*k + k = y. List the prime factors of k.
7
Suppose -2*d + 32 = 4*t - 26, 47 = 3*d - 2*t. Let n = 28 - d. List the prime factors of n.
3
Let t = 22 + -17. What are the prime factors of t?
5
Suppose -6*f + 16 = -2*f. Let i(l) = l**3 + 3*l**2 + 1. Let q be i(-3). Let p = f + q. List the prime factors of p.
5
Suppose 4*n = -5*h + 700, 8 = -2*h + 3*n + 288. List the prime factors of h.
2, 5, 7
Suppose 3*i = -3*u + 64 + 20, 3*u + 71 = 2*i. List the prime factors of i.
31
Suppose -x = -1 - 3. Suppose -x*h + 4*v + 20 = 0, 3*h - h = 5*v + 10. What are the prime factors of h?
5
Let t be 240/25*(-10)/(-3). Let x = t + -18. What are the prime factors of x?
2, 7
Let i(o) = -o**2 + 16*o + 14. What are the prime factors of i(10)?
2, 37
Let h = 9 - 5. Suppose -5*a + 24 = 2*q, 5*q - a - 60 = h*a. List the prime factors of q.
2, 3
Let x(u) = -u - 1. Let s be x(-6). Let r = -7 + s. Let n(y) = -y + 1. List the prime factors of n(r).
3
Let y be 2/(-4) - 248/(-16). Let f be y*(2 + (-3 - -2)). Let p = f + -6. List the prime factors of p.
3
Let h = 134 - -49. What are the prime factors of h?
3, 61
Let m be (8/20)/((-2)/(-10)). Let c be m*((-3)/(-6) + -2). List the prime factors of (-9)/6*(c - -1).
3
Suppose -8 = -w - 0*w. List the prime factors of w.
2
Suppose 5*v = -4*b + 646, 5*b + 2 = -3. What are the prime factors of v?
2, 5, 13
Suppose 0 = 4*v + 15 + 25. Let g = 19 + v. List the prime factors of g.
3
Let x = 98 + 200. What are the prime factors of x?
2, 149
Suppose -